{"id":8,"date":"2025-10-15T01:25:57","date_gmt":"2025-10-15T01:25:57","guid":{"rendered":"https:\/\/tretjavrsta.com\/?page_id=8"},"modified":"2026-03-02T15:40:21","modified_gmt":"2026-03-02T15:40:21","slug":"inicio","status":"publish","type":"page","link":"https:\/\/tretjavrsta.com\/slo\/inicio\/","title":{"rendered":"Za\u010detek"},"content":{"rendered":"<div class=\"wp-block-columns is-layout-flex wp-container-core-columns-is-layout-9d6595d7 wp-block-columns-is-layout-flex\">\n<div class=\"wp-block-column is-layout-flow wp-block-column-is-layout-flow\">\n<p class=\"texto-justificado translation-block\">TRETJA VRSTA. SLOVENSKA KULTURNA REVIJA izhaja trikrat na leto, v mesecih marcu, juliju in novembru. Revijo izdajajo mladi Slovenci iz Buenos Airesa, sprejemajo dela Slovencev in o Slovencih, ki so izvirna, neobjavljena in niso bila predlo\u017eena za objavo v drugih revijah.\nRevija je napisana predvsem v \u0161pan\u0161\u010dini in sloven\u0161\u010dini, v manj\u0161i meri pa v angle\u0161\u010dini in franco\u0161\u010dini. Tretja Vrsta objavlja literarna besedila, raziskovalne \u010dlanke, eseje in opombe. Objavlja tudi stripe in ilustracije.<\/p>\n\n\n\n<p class=\"texto-justificado\">Cilj revije je spodbujati in \u0161iriti izra\u017eanje slovenske kulture in identitete, zato je njena vsebina prosto dostopna.<\/p>\n\n\n\n<p class=\"texto-justificado\">Vsa besedila objavljena v Tretji Vrsti so pod licenco Creative Commons 4.0 Priznanje avtorstva-Nekomercijalno (CC BY-NC 4.0 International), ki tretjim osebam dovoljuje uporabo objavljenega gradiva, \u010de navedejo avtorstvo dela in prvo objavo v tej reviji.<\/p>\n<\/div>\n\n\n\n<div class=\"wp-block-column is-layout-flow wp-block-column-is-layout-flow\">\n<figure class=\"wp-block-image size-full is-resized\"><a href=\"https:\/\/tretjavrsta.com\/wp-content\/uploads\/2026\/03\/TV-2-1.pdf\"><img loading=\"lazy\" decoding=\"async\" width=\"406\" height=\"590\" src=\"https:\/\/tretjavrsta.com\/wp-content\/uploads\/2026\/02\/TV-2-foto-1.png\" alt=\"\" class=\"wp-image-287\" style=\"width:260px;height:auto\" srcset=\"https:\/\/tretjavrsta.com\/wp-content\/uploads\/2026\/02\/TV-2-foto-1.png 406w, https:\/\/tretjavrsta.com\/wp-content\/uploads\/2026\/02\/TV-2-foto-1-206x300.png 206w, https:\/\/tretjavrsta.com\/wp-content\/uploads\/2026\/02\/TV-2-foto-1-8x12.png 8w\" sizes=\"auto, (max-width: 406px) 100vw, 406px\" \/><\/a><\/figure>\n\n\n\n<div class=\"wp-block-file\"><a id=\"wp-block-file--media-ea4c5a4f-2e79-4e37-9cd5-7f88c921b027\" href=\"https:\/\/tretjavrsta.com\/wp-content\/uploads\/2026\/03\/TV-2-1.pdf\">Vol 2 N\u00fam 1 (2026)<\/a><a href=\"https:\/\/tretjavrsta.com\/wp-content\/uploads\/2026\/03\/TV-2-1.pdf\" class=\"wp-block-file__button wp-element-button\" download aria-describedby=\"wp-block-file--media-ea4c5a4f-2e79-4e37-9cd5-7f88c921b027\">PDF<\/a><\/div>\n<\/div>\n<\/div>\n\n\n\n<p><\/p>","protected":false},"excerpt":{"rendered":"<p>TRETJA VRSTA. REVISTA CULTURAL ESLOVENA se publica cuatrimestralmente en los meses de marzo, julio y noviembre. La revista es realizada por j\u00f3venes eslovenos de Buenos Aires, y recibe&nbsp;trabajos de eslovenos y sobre lo esloveno, in\u00e9ditos, originales y que no hayan sido presentados para su publicaci\u00f3n en otra revista; escritos principalmente en lengua castellana o eslovena, &hellip; <a href=\"https:\/\/tretjavrsta.com\/slo\/inicio\/\" class=\"more-link\">Preberi ve\u010d <span class=\"screen-reader-text\">Za\u010detek<\/span> <span class=\"meta-nav\">&rarr;<\/span><\/a><\/p>","protected":false},"author":1,"featured_media":0,"parent":0,"menu_order":0,"comment_status":"closed","ping_status":"closed","template":"","meta":{"footnotes":""},"class_list":["post-8","page","type-page","status-publish","hentry"],"_hostinger_reach_plugin_has_subscription_block":false,"_hostinger_reach_plugin_is_elementor":false,"_links":{"self":[{"href":"https:\/\/tretjavrsta.com\/slo\/wp-json\/wp\/v2\/pages\/8","targetHints":{"allow":["GET"]}}],"collection":[{"href":"https:\/\/tretjavrsta.com\/slo\/wp-json\/wp\/v2\/pages"}],"about":[{"href":"https:\/\/tretjavrsta.com\/slo\/wp-json\/wp\/v2\/types\/page"}],"author":[{"embeddable":true,"href":"https:\/\/tretjavrsta.com\/slo\/wp-json\/wp\/v2\/users\/1"}],"replies":[{"embeddable":true,"href":"https:\/\/tretjavrsta.com\/slo\/wp-json\/wp\/v2\/comments?post=8"}],"version-history":[{"count":40,"href":"https:\/\/tretjavrsta.com\/slo\/wp-json\/wp\/v2\/pages\/8\/revisions"}],"predecessor-version":[{"id":306,"href":"https:\/\/tretjavrsta.com\/slo\/wp-json\/wp\/v2\/pages\/8\/revisions\/306"}],"wp:attachment":[{"href":"https:\/\/tretjavrsta.com\/slo\/wp-json\/wp\/v2\/media?parent=8"}],"curies":[{"name":"wp","href":"https:\/\/api.w.org\/{rel}","templated":true}]}}